+ 72*r. Let b = 7 - 13. Calculate t(b).
-7
Let f(i) = -i**3 + 4*i**2 + i + 3. Suppose -5*l + 5*c + 40 = 0, 3*l - 2*c - 22 = -1. Give f(l).
-17
Let v(y) = y - 3. Let q = -111 + 115. Determine v(q).
1
Suppose k = -3*s - 14, 10 = 4*s - k + 31. Let d(v) = v + 3. Let m(w) = 2*w + 5. Let t(o) = 5*d(o) - 3*m(o). Give t(s).
5
Let r(z) be the second derivative of -z**3/6 - z**2 - 16*z. Determine r(0).
-2
Let y(t) = t**2 + 6*t + 2. Suppose m + 2 = -0*n + 3*n, 0 = 2*m + 5*n - 29. Let g = -12 + m. Give y(g).
-3
Let k(v) = -4*v + 8. Let z(b) = -b. Let h(w) = k(w) - 3*z(w). Give h(0).
8
Let x(o) be the third derivative of -o**6/120 - o**5/60 + o**4/12 + o**3/3 + 4*o**2. Give x(-2).
2
Let x(q) = -q**2 + 6*q - 3. Let s(l) be the second derivative of -l**4/12 - l**2/2 - 2*l. Let r(g) = 3*s(g) - x(g). Determine r(-4).
-8
Let h be 12/6 - (2 - 2). Let g(y) = -5*y**2 + 5*y - 4 + 2*y**2 + 2*y**2 + 2*y**h. What is g(-6)?
2
Let j(o) = o - 7. Suppose 3*q - 15 = 9. Let x = q - 4. Suppose 0 = -0*i - x*i + 16. Calculate j(i).
-3
Let d(s) be the first derivative of s**6/120 + s**4/24 + s**3/3 + 3*s**2/2 - 4. Let n(m) be the second derivative of d(m). Suppose t = -3*t. What is n(t)?
2
Let h = -7 - -9. Suppose -5*z = -3*u - 14, 0 = -h*u - z + 10 - 2. Let m(r) = -7*r**u + 3*r**2 + r**2 - r**3 + 3*r - 5. Calculate m(-4).
-1
Let g(i) = -5*i**3 + 7*i**2 + 3*i + 4. Let u(k) = 4*k**3 - 6*k**2 - 2*k - 3. Let j(z) = -3*g(z) - 4*u(z). Calculate j(4).
-20
Let j(o) = -3*o - 1. Let w(h) = 11*h + 5. Let u(v) = -14*j(v) - 4*w(v). Suppose 3*f = -2*f - 150. Let q be f/7 - 4/(-14). Give u(q).
2
Let a = 10 - 5. Let d(y) = 3*y**3 + 6 + 4*y - 4*y**2 + 0*y**3 - y. Let x(r) = 10*r**3 - 11*r**2 + 8*r + 18. Let s(t) = -7*d(t) + 2*x(t). What is s(a)?
-6
Let j(g) = 15*g**3 - 3*g**2 + 17*g. Let o(q) = -5*q**3 + q**2 - 6*q. Let b(h) = 6*j(h) + 17*o(h). Calculate b(-1).
-6
Let p(a) = a**3 - 6*a**2 + a + 2. Let r = 75 - 69. Determine p(r).
8
Let q = 6 - 8. Let d = q - 1. Let y(m) = 3*m**2 - 9*m + 5. Let o(l) = -2*l**2 + 8*l - 4. Let b(i) = -4*o(i) - 3*y(i). What is b(d)?
7
Let b(f) = -3*f**2 - 2*f + 1. Let u be (21/(-6))/(-7)*10. Suppose u*r = 7*r + 4. Determine b(r).
-7
Let g(y) = -y**3 - 5*y**2 - 5*y + 1. Let v(w) = 3*w + 14. Let o be v(-6). What is g(o)?
5
Let s(b) = b**2 - 7. Let j be (-3 - (-5 + -2)) + -3. Let u(v) = v**2 - v. Let w be u(j). Give s(w).
-7
Let r(g) = g**3 - 2*g**2 + 8*g + 6. Let i(q) = -q**2 - 1. Let y(v) = -6*i(v) - r(v). Give y(7).
-7
Let g(m) be the first derivative of m**4/4 + 2*m**3/3 - m**2 - 3*m + 1. What is g(-3)?
-6
Let b(p) be the third derivative of p**5/60 + p**4/24 + p**3/3 - p**2. Let c be (-2)/(-7) + (-8)/28. Let o = c - 0. What is b(o)?
2
Let n(r) = 8 - r**3 + 7*r**2 + 0 + 145*r - 146*r. Determine n(7).
1
Let b(p) = -p**3 - 4*p**2 - 4*p - 3. Suppose -4*r - 9 = -r, r - 2 = -q. Let i = 0 + q. Suppose 3*u - 5 = 4*t + t, 0 = i*t + u + 25. Give b(t).
13
Let a(i) = -i**3 + 7*i**2 - 14*i + 3. Let u be a(4). Let h(k) = k**3 + 6*k**2 + 7*k - 1. Determine h(u).
-11
Let m(d) = -2*d - 4. Let g be m(-5). Let c(s) = -34*s + 68*s + s**2 - 1 - 4 - 40*s. Give c(g).
-5
Suppose 0*w - w + 5 = 0. Let g(b) = b - 10. Determine g(w).
-5
Let q = 3 - 1. Suppose s - c = -4*s + 8, -q*c = 2*s + 4. Let a(h) = -h - h**2 - s + 4*h**2 + 0*h**2 + 0*h**2. Calculate a(2).
9
Let c = -1 - -3. Let m(z) be the first derivative of 0*z**2 - 3 + 2/3*z**3 + z - 1/2*z**4. What is m(c)?
-7
Let a(t) = -1 + 25*t - 26*t + 3 + 3. Calculate a(-5).
10
Suppose 3*l = 4*i + 24, 8 = 4*i + 20. Suppose -l*j - 35 = -9*j. Let x(p) = -j + 2*p + 1 + 0*p. Give x(5).
4
Let i(k) = k**3 + k**2 + k + 1. Let d(q) = -q**3 - 21*q**2 - 2*q - 43. Let z be d(-21). Determine i(z).
0
Suppose -t + 11 = 3*x, x - 7 = -2*t + t. Suppose 3*n + x*n = 15. Let a(f) = f**2 + 3 + 2 - 6*f - 4. Give a(n).
-8
Let w be (-5)/10 - 33/6. Let o(n) = -n**3 - 6*n**2 + 5. What is o(w)?
5
Let a(x) = -5*x. Suppose -3*j + 7 = -5*d - 0*d, -5*j - 11 = 3*d. Give a(j).
5
Let c(k) = -k**2 + 24 - k - 38 + 16. What is c(0)?
2
Let f(x) = -x + 2. Let v = -52 - -52. Give f(v).
2
Let b(r) = -r**3 + 3*r**2 + 2. Let v be b(3). Suppose -v*x - 3 + 9 = d, 0 = -x + 4. Let y(w) = 2*w**3 + 4*w**2 + 3*w + 2. What is y(d)?
-4
Let g(x) = 7*x + 4 + 5*x**2 - 22*x**3 + 12*x**3 + 11*x**3. Determine g(-4).
-8
Let p(x) = x - 4. Let w(r) = r**2 - 1. Let n be w(-2). Suppose 29 = -4*d + 3*y, -n*d + 4*y - 1 = 26. Calculate p(d).
-9
Suppose 3*y + 2*y = 10. Let a(o) = o**2 + 3*o**2 - 2*o**y - 3*o - 3. Let s(d) = 3*d**2 - 6*d - 6. Let w(x) = 5*a(x) - 3*s(x). Determine w(-2).
1
Suppose -2*a = -z + 8, -a + 4 = -4*z - 5*a. Let d(v) = 0 - 5*v**2 - z + v + 6*v**2. Calculate d(-3).
4
Let a = 8 - -2. Suppose -2*b - a = -0*b. Let p(c) be the first derivative of -c**4/4 - 4*c**3/3 + 3*c**2 + c - 1. Calculate p(b).
-4
Let a(l) = -l - 7. Let c be a(-6). Let u(i) = -i. Let r be u(c). Let x(o) = -r + o + 3*o + 7*o. Determine x(1).
10
Let d(s) = -s + 3. Let t(g) = -4*g + 10. Let w(c) = 7*d(c) - 2*t(c). What is w(-4)?
-3
Let r(h) = -h**2 + 6*h - 1. Suppose 10 = 5*y - 0. Suppose -y*n - 10 = 4*m, 3*m - 10 = -n - 4*n. Determine r(n).
4
Let h(f) = -f**2 + 6*f + 4. Let b be 0 - (-1*11)/1. Suppose 6*s - 4*s - q = -b, 0 = 4*s - 5*q + 19. Let o = 11 + s. What is h(o)?
9
Let g(n) be the second derivative of -n**5/20 - n**4/6 + 5*n**3/6 + 2*n**2 - 25*n. Determine g(-3).
-2
Let k(l) be the third derivative of 1/24*l**4 + 4*l**2 + 1/60*l**5 - 2/3*l**3 + 0*l + 0. Calculate k(0).
-4
Let q(y) = 2*y - 22. Let c be q(12). Let z(i) = -7*i - 2. Give z(c).
-16
Let y(n) = -n - 12. Let m be y(-14). Let d(a) = a**2 + 1. What is d(m)?
5
Let i(a) = -a**3 + 8*a**2 - 5*a - 10. Let y be i(7). Let l(w) be the first derivative of -2*w**2 + w + 5/3*w**3 - 2 - 1/4*w**4. Calculate l(y).
1
Let y(b) = -6*b**2 - 6*b + 9. Let n(w) = 3*w**2 + 3*w - 4. Let d(u) = -9*n(u) - 4*y(u). What is d(-2)?
-6
Suppose -3*t - 12 = 3*h + 2*t, 4*h + 4*t = -16. Let v(n) = -1 + 2*n + 7 - 1. What is v(h)?
-3
Let p(j) be the third derivative of 0 + 0*j**3 + j**2 - 1/120*j**6 + 0*j + 7/60*j**5 - 7/24*j**4. Determine p(6).
-6
Suppose 4*a - x + 5 - 17 = 0, -12 = 2*a + 4*x. Let b be (-18)/(-5 + a) + 0. Let k(n) = n - 2. Give k(b).
4
Let p = 5 - 1. Suppose -4*o - p*h - 7 = o, -h = -2. Let g be 2/3 - 1/o. Let s(t) = 3*t**3 - 2*t + 1. Determine s(g).
2
Let z be 0 - (-1 - (-4 - -3)). Suppose -2*r + 0*r + 8 = z. Let a(q) = -q**2 + 5*q - 1. Calculate a(r).
3
Let v(q) = 25 + 7*q - 43 + 20 - 4*q. Determine v(-3).
-7
Let a(v) be the second derivative of v**5/20 - 7*v**4/12 + v**3/3 - 4*v**2 - 29*v. Give a(7).
6
Let g(h) = 0*h**2 - 3 + h**3 - 2*h - 4*h**2 - 3*h. Let x(y) = -2*y - 5. Let r be x(-5). Let l be 2/(-8)*r*-4. Calculate g(l).
-3
Suppose -3*k - v + 3*v + 10 = 0, -4*k + 5*v + 4 = 0. Let c be 4*(3/k - 0). Let n(u) = -u**3 + 3*u**2 - u - 2. What is n(c)?
0
Let x(n) = -5*n**2 - 3*n**2 + n**3 - 5 + 3*n**2 + 3*n. Let z = -16 + 20. Let f = z + 1. Give x(f).
10
Let o(b) be the third derivative of -3*b**5/20 + b**3/3 + b**2. Let t be 6*(2 + 9/(-6)). Let w(n) = 19*n**2 - 5. Let a(f) = t*w(f) + 7*o(f). Give a(1).
-7
Suppose 3*m = -t + 12 - 2, 2*m = -2*t. Let z(i) = -i - 4. What is z(t)?
1
Let d(c) = 5*c**2 - c + 1. Let i be (-1 + (1 - -2))*(-2)/(-4). What is d(i)?
5
Let d(s) = s**3 - 5*s**2 + 4*s - 3. Let n(v) = -v + 4. Let j be n(2). Suppose h - j = 2. Determine d(h).
-3
Let n be 38/9 - 4/18. Let y = 2 + n. Let k(u) = u**3 - 7*u - u + 0*u - 5*u**2 + 5. Determine k(y).
-7
Let p(x) = -2*x**2 + 6*x**2 + 1 + 4*x - x + 2*x**3. Suppose -2*m + 2 = -2*i, 0 + 7 = -5*m + i. Give p(m).
-5
Suppose -2*h = 2*v - 8, -8 - 4 = v - 3*h. Let c = 6 - 4. Let n(u) = -3*u**2 + c*u**2 + 3 + 3. Give n(v).
6
Let h(r) be the third derivative of r**8/6720 - r**6/180 + r**5/120 + r**4/24 - 8*r**2. Let y(g) be the second derivative of h(g). Calculate y(-3).
-14
Let o(l) be the third derivative of -l**6/40 - l**5/20 - l**4/24 + l**3/3 + 20*l**2. What is o(-2)?
16
Suppose -4*f - 12 = -0*s + 3*s, 2*f = -5*s - 20. Let j(x) = x + 4. Give j(s).
0
Let f be (0 + 0)/2 - 6. Let z(h) be the first derivative of -5/2*h**2 + 4*h + 2 - 1/3*h**3. Calculate z(f).
-2
Suppose 5*x = 25, 2*m + 30 = -3*m - x. Let j(f) = f + 7. What is j(m)?
0
Let a be 0 - (-2 + -1)*1. Let z(u) be the first derivative of u**4/4 - 2*u**3/3 - 3*u**2/2